x(g) be the first derivative of 5 - 1/2*g**2 + 10*g. List the prime factors of x(-8).
2, 3
Suppose -2052 = -4*c - 5*u, -3*u = 4*c - 3*c - 520. List the prime factors of c.
2, 127
Let t be 22/(-5*(-14)/(-105)). Suppose 0 = 5*q + 6 + 4, -2*y = 4*q + 122. Let c = t - y. List the prime factors of c.
2, 3
Suppose -5*b + l + 24 = -3*b, 5*b - 51 = -2*l. Suppose 0 = 8*s - b*s + 279. List the prime factors of s.
3, 31
List the prime factors of (-4)/(-44) + (-39114)/(-22).
2, 7, 127
Let w(v) = -v**3 + 15*v**2 + 15*v + 5. Let y be w(16). Let b(n) = 2*n + 25. List the prime factors of b(y).
3
Let r(q) = q**2 + 5*q - 10. Let f be r(-7). Let y(w) = 10*w + 1 - 16*w - w**3 + 5*w**2 + w**2 + 2. List the prime factors of y(f).
11
Let s(p) = 27*p**2 + p + 12. List the prime factors of s(-8).
2, 433
Let s(j) = -13*j + 3. Suppose 0*r - 5*r = 2*a + 31, 0 = 5*a - 3*r. List the prime factors of s(a).
2, 3, 7
List the prime factors of ((-25)/(-10))/((-2)/(-716)).
5, 179
List the prime factors of (-6)/15*83555/(-34).
983
Let m be ((-2)/(-3))/((-4)/(-18)). Suppose 0 = -11*x + 12*x - m. Suppose x*i - 5*i + 86 = 0. What are the prime factors of i?
43
Let m be 1/((-45)/(-215)) - 2/(-9). Let l = m - -144. List the prime factors of l.
149
Suppose -3*g + 8*g + 3*k = 2182, 0 = -4*g - 4*k + 1744. Let s = g - 296. List the prime factors of s.
3, 47
Suppose -2*j = -5*j + 18. Suppose -145 = -j*r + 197. What are the prime factors of r?
3, 19
Suppose 0*l + 5*l = 5*i - 1830, 3*l + 731 = 2*i. What are the prime factors of i?
367
Let d(u) = -u**2 + 8*u - 24. Let z be d(6). List the prime factors of z/(-3) + (4 - -210).
2, 109
Let p = -18 + 13. Let v(g) = -g - 7. Let t be v(p). List the prime factors of (1/2)/(t/(-84)).
3, 7
Let h(y) = 84*y**2 - 3*y + 27. What are the prime factors of h(7)?
2, 3, 229
What are the prime factors of (-45)/(-6)*1674/45?
3, 31
Let p(f) = -5*f - 8. Let a be p(10). Let c = a + 40. List the prime factors of 3/2*(-384)/c.
2
Let u(y) = 53*y + 60. List the prime factors of u(9).
3, 179
What are the prime factors of (-7 - -1598) + (3 - (-4 - -4))?
2, 797
Let n = -587 + 1286. List the prime factors of n.
3, 233
Let i(s) = 7*s**2 - 38*s - 180. List the prime factors of i(-4).
2, 3, 7
Let v(p) = p**3 + 6*p**2 + p + 4. Let h be v(-6). Let b(l) = -3*l + 3. Let n be b(h). Suppose 3*f - 4*f = -3*r - n, -3*r + 9 = f. List the prime factors of f.
3
Let p = 463 + -51. Suppose p = s + 3*s. Suppose 0 = 4*c - 4*r - 184, -7*r + s = 3*c - 3*r. List the prime factors of c.
41
Let v(p) = 42*p - 52. Let o be v(8). Let s = o + -161. List the prime factors of s.
3, 41
Suppose m + 7 = 3*q, -4 = m + q - 13. Let j(v) = v**2 - 4*v + 2. What are the prime factors of j(m)?
7
Let n(s) = 3*s**2 + 17*s - 2. Let t be n(-5). List the prime factors of 2/(-3)*20*t.
2, 5
Let m(x) = x + 5. Let l be m(-5). Suppose 0*h = -4*h + 3*p + 68, l = 2*h + 3*p - 16. List the prime factors of (-700)/(-22) + h/77.
2
Let d(r) be the third derivative of r**5/60 - 5*r**4/8 + 8*r**3/3 - 14*r**2. Let c be (-28)/(-10)*(7 + -2). List the prime factors of d(c).
2
Let y(b) = -99*b + 2. Let i be y(-5). Suppose -4*p - i - 27 = 0. Let l = p - -184. List the prime factors of l.
53
Suppose -l = 0, 6*w + l = 7*w - 1097. What are the prime factors of w?
1097
Let j(i) = 359*i + 489. What are the prime factors of j(5)?
2, 571
List the prime factors of 1236/(-48)*16/(-4).
103
Suppose 3*s = -2*w + 122 + 1875, -4*w = 5*s - 3331. List the prime factors of s.
3, 13, 17
What are the prime factors of 2153/3 + (-14)/21?
3, 239
Let q(i) be the first derivative of 8/3*i**3 - 12*i + 1/2*i**2 + 1/4*i**4 - 3. List the prime factors of q(-7).
2, 3, 5
List the prime factors of -147*((-1)/3)/(4/12).
3, 7
Suppose 0 = 8*g - 7*g - 192. What are the prime factors of g?
2, 3
Suppose -6*i + 2 = -4*i. Let j be (2/i)/((-1)/6). What are the prime factors of j*(-15)/6 + 3?
3, 11
Let i be (-2)/19 + (-294)/(-266). Let g(u) = 58*u - 1. Let j(y) = -59*y + 1. Let v(c) = 3*g(c) + 2*j(c). List the prime factors of v(i).
5, 11
Let n(o) = -119*o + 40. List the prime factors of n(-27).
3253
Let s(k) = -k**3 + 12*k**2 + 14*k + 27. Let y(b) = b**2 - 14*b + 26. Let i be y(13). List the prime factors of s(i).
2, 5
Let y(v) = -26*v + 6. Let h(d) = 5*d - 1. Let z(x) = -11*h(x) - 2*y(x). List the prime factors of z(-8).
23
Let f(q) be the first derivative of -q**3/3 - 31*q**2/2 - 14*q + 8. Let g be f(-13). Suppose -2*t = 2*t - g. List the prime factors of t.
5, 11
Let x = -2229 + 3875. What are the prime factors of x?
2, 823
Suppose -22*z = 2*z - 39912. List the prime factors of z.
1663
Let c = 2281 + -1201. What are the prime factors of c?
2, 3, 5
Let s be (-2)/(-5) + (-32)/(-20). Suppose 0 = -5*q - s*g - 12, -q + 5*g + 2 = -1. List the prime factors of q/2 - (-25 + 3).
3, 7
Suppose 4*g - 5*w = -29 + 4, 0 = -4*g - 4*w + 20. Suppose g = -35*o + 33*o + 520. List the prime factors of o.
2, 5, 13
Suppose 4*x - n + 749 = 5*x, 3*x - 2272 = 2*n. What are the prime factors of x?
2, 13, 29
Let d = -192 + 380. List the prime factors of d.
2, 47
What are the prime factors of -4 + (3 - 6) - -760?
3, 251
Let x(i) be the second derivative of i**4/2 + 2*i**3/3 + 3*i**2/2 + 6*i. List the prime factors of x(-2).
19
Suppose 0 = -7*z - 1627 + 6058. List the prime factors of z.
3, 211
List the prime factors of (1807/39)/((10/(-252))/(-5)).
2, 3, 7, 139
Suppose -2*i = -5*p - 3, -p - 6*i + 2*i - 5 = 0. Let f(u) be the first derivative of 7*u**3/3 + u**2/2 + 4. List the prime factors of f(p).
2, 3
Suppose -4259 - 3291 = -5*b. What are the prime factors of b?
2, 5, 151
Let u(m) = 30*m**2 - 31*m + 23. List the prime factors of u(6).
7, 131
Suppose 3 = -3*d + 3*c, 6*d - 2*d = 3*c. Suppose 0 = -d*t - 2*t + 2*m + 426, t - 90 = 2*m. List the prime factors of t.
2, 3, 7
Let c = -13 - 0. Let l = 58 + c. Suppose j = -4 + l. What are the prime factors of j?
41
Let c = 19 - 12. Let p(f) = f**2 + 3*f + 8. Let r be p(c). List the prime factors of 20/6*r/5.
2, 13
Suppose 0*i + 20 = -4*i, -5*i = -l + 61. Suppose -34*r + l*r = 30. What are the prime factors of r?
3, 5
Let i = 2402 + -1785. What are the prime factors of i?
617
Suppose q + 236 = 3*q - 3*w, -5*q - 5*w = -640. Let i = 344 - 421. Let g = q + i. What are the prime factors of g?
47
Suppose 5*x - 2828 = 2*x + 5*w, -w - 4750 = -5*x. List the prime factors of x.
3, 317
Let b = -3 + 8. Suppose 0 = -m - 0 + b. Suppose 24 = -m*l + 7*l. What are the prime factors of l?
2, 3
Let x = 1094 - 551. What are the prime factors of x?
3, 181
Let s(p) = 8*p**2 - 7*p + 71. What are the prime factors of s(5)?
2, 59
Let y(x) = -x**2 + 3*x + 11. Let d be y(5). Let s(n) = 0*n + d - 6 + 3 - 2*n. What are the prime factors of s(-11)?
2, 5
Let f(r) = -r**2 + 3*r - 2. Let v be f(-2). Let g = v - -17. List the prime factors of g.
5
Let j be -1 + -5*(-1 + 0). Suppose -r + 425 = j*r. What are the prime factors of r?
5, 17
Let f(d) = 4*d + 9. Suppose 0 = 4*c + 2*a - 98, -5*c - 38 + 158 = 5*a. Let z be (-10)/c - 104/(-10). List the prime factors of f(z).
7
Suppose 5*x = -5*o + 5605, -238*o + 242*o + 3335 = 3*x. List the prime factors of x.
1117
Suppose 2*k - 8 = k - l, k - l = -2. Suppose 2*t + k*y - 14 = 31, 4*t + 3*y - 81 = 0. List the prime factors of t - (-2 - -3)/1.
17
Suppose -5*b = 5*i - 3685, 2968 = 7*i - 3*i - b. List the prime factors of i.
3, 13, 19
Suppose 0*b - c - 14 = 3*b, 3*b - 4*c = -4. Let n be (b/14)/((-7)/147). Let a(l) = 2*l**2 - l - 12. List the prime factors of a(n).
2, 3
What are the prime factors of 14*(-3)/(-252) - (-9429)/18?
2, 131
Suppose -4*t = -2*g - 258, t + 2*t - 221 = -4*g. What are the prime factors of t?
67
Let t(n) = -n**2 - 12*n - 13. Let s be t(-10). Let f = s - 2. Suppose -f*y + 91 = -49. What are the prime factors of y?
2, 7
Suppose 2*l - 4*l + 1554 = b, -3887 = -5*l - 3*b. List the prime factors of l.
5, 31
List the prime factors of (3/4)/(1044/208 - 5).
3, 13
Suppose 0 = 670*b - 662*b - 35680. List the prime factors of b.
2, 5, 223
Let n = -1734 + 5081. What are the prime factors of n?
3347
Let p be 10 + -1 + (1 - 2). Suppose -2*b + p = 0, 40 = -0*c + 5*c + 5*b. Suppose i - 35 = -4*j, 2*j - 5*i - 19 = -c*i. List the prime factors of j.
3
Suppose -2*m + 3 = -1. Suppose m = 2*x, 3*q = 7*q + x - 117. What are the prime factors of q?
29